{"id":922,"date":"2020-09-01T21:29:07","date_gmt":"2020-09-01T19:29:07","guid":{"rendered":"http:\/\/wtr.waw.pl\/?page_id=922"},"modified":"2020-09-01T22:04:41","modified_gmt":"2020-09-01T20:04:41","slug":"mistrzostwa-warszawy-jachtow-kabinowych-5-6-09-2020","status":"publish","type":"page","link":"http:\/\/wtr.waw.pl\/?page_id=922","title":{"rendered":"Mistrzostwa Warszawy Jacht\u00f3w Kabinowych (5-6.09.2020)"},"content":{"rendered":"\n<p>ORGANIZATOR: WARSZAWSKO MAZOWIECKI OKR\u0118GOWY ZWI\u0104ZEK \u017bEGLARSKI<\/p>\n\n\n\n<p>1. Regaty odb\u0119d\u0105 si\u0119 w dniach 5-6.09.2020<br>2. Baz\u0105 regat jest Baza Regatowo Szkoleniowa w Niepor\u0119cie.<br>3. Regaty s\u0105 zaliczane do Grand Prix Warszawy.<br>4. Regaty zostan\u0105 rozegrane w klasach : T, T-1,&nbsp; T-2,&nbsp; TANGO. Minimum jacht\u00f3w w klasie ustala si\u0119 na cztery.&nbsp;<br>5. Biuro regat:&nbsp; Baza Regatowo Szkoleniowa Niepor\u0119t ul. Wojska Polskiego 3<br>6. Zg\u0142oszenie do regat:&nbsp; w dniu 05.09.2020 od godz.9.00 do godz.10.00<br><br>Sternik jachtu zg\u0142aszaj\u0105cy si\u0119 do regat zobowi\u0105zany jest z\u0142o\u017cy\u0107      nast\u0119puj\u0105ce dokumenty:<br><br>Zg\u0142oszenie do regat \/na druku organizatora\/.<br>Aktualne ubezpieczenie OC jachtu na okoliczno\u015b\u0107 regat.<br><br>7. Do kontroli sprz\u0119tu b\u0119d\u0105 wydelegowani KONTROLERZY SPRZ\u0118TU.<br>8. Regaty odb\u0119d\u0105 si\u0119 wed\u0142ug przepis\u00f3w:<br>&#8211; ISAF 2017- 2020<br>&#8211; PZ\u017b 2017-2020,<br>&#8211; WTR 2014,<br>&#8211; klas,<br>&#8211; instrukcji \u017ceglugi i niniejszego zawiadomienia o regatach.<br>9. Otwarcie regat&nbsp; odb\u0119dzie si\u0119 w dniu 5.09.2020 o godz.11.00<br>10. Odprawa sternik\u00f3w&nbsp; godz. 11.15<br>11. Start do pierwszego wy\u015bcigu&nbsp; podany b\u0119dzie na odprawie.<br>12. Przewidywane jest rozegranie sze\u015bciu wy\u015bcig\u00f3w. Po rozegraniu jednego wy\u015bcigu regaty&nbsp; uznane b\u0119d\u0105 za wa\u017cne.<br>13. Kategoria regat \u201e C\u201d<br>14. Wszyscy uczestnicy bior\u0105 udzia\u0142 w regatach na w\u0142asn\u0105 odpowiedzialno\u015b\u0107.&nbsp; \u017badna z czynno\u015bci wykonanych lub niewykonanych przez organizator\u00f3w nie zwalnia&nbsp;uczestnik\u00f3w regat od ponoszenia odpowiedzialno\u015bci za jak\u0105kolwiek szkod\u0119 spowodowan\u0105 przez zawodnika lub jego jacht wynikaj\u0105c\u0105 z udzia\u0142u w regatach.<br>15. Wpisowe do regat wynosi 100 z\u0142 od jachtu i 20 z\u0142 od cz\u0142onka za\u0142ogi.<br>16. Kontakt: Jacek Kotkiewicz 602 39 54 68,&nbsp; GRZEGORZ GUZOWSKI tel. 501 353 148<\/p>\n","protected":false},"excerpt":{"rendered":"<p>ORGANIZATOR: WARSZAWSKO MAZOWIECKI OKR\u0118GOWY ZWI\u0104ZEK \u017bEGLARSKI 1. Regaty odb\u0119d\u0105 si\u0119 w dniach 5-6.09.20202. Baz\u0105 regat jest Baza Regatowo Szkoleniowa w Niepor\u0119cie.3. Regaty s\u0105 zaliczane do Grand Prix Warszawy.4. Regaty zostan\u0105 rozegrane w klasach : T, T-1,&nbsp; T-2,&nbsp; TANGO. Minimum jacht\u00f3w w klasie ustala si\u0119 na cztery.&nbsp;5. Biuro regat:&nbsp; Baza Regatowo Szkoleniowa Niepor\u0119t ul. Wojska Polskiego&#8230;<\/p>\n","protected":false},"author":1,"featured_media":428,"parent":0,"menu_order":0,"comment_status":"closed","ping_status":"closed","template":"","meta":{"footnotes":""},"class_list":["post-922","page","type-page","status-publish","has-post-thumbnail","hentry"],"_links":{"self":[{"href":"http:\/\/wtr.waw.pl\/index.php?rest_route=\/wp\/v2\/pages\/922","targetHints":{"allow":["GET"]}}],"collection":[{"href":"http:\/\/wtr.waw.pl\/index.php?rest_route=\/wp\/v2\/pages"}],"about":[{"href":"http:\/\/wtr.waw.pl\/index.php?rest_route=\/wp\/v2\/types\/page"}],"author":[{"embeddable":true,"href":"http:\/\/wtr.waw.pl\/index.php?rest_route=\/wp\/v2\/users\/1"}],"replies":[{"embeddable":true,"href":"http:\/\/wtr.waw.pl\/index.php?rest_route=%2Fwp%2Fv2%2Fcomments&post=922"}],"version-history":[{"count":6,"href":"http:\/\/wtr.waw.pl\/index.php?rest_route=\/wp\/v2\/pages\/922\/revisions"}],"predecessor-version":[{"id":941,"href":"http:\/\/wtr.waw.pl\/index.php?rest_route=\/wp\/v2\/pages\/922\/revisions\/941"}],"wp:featuredmedia":[{"embeddable":true,"href":"http:\/\/wtr.waw.pl\/index.php?rest_route=\/wp\/v2\/media\/428"}],"wp:attachment":[{"href":"http:\/\/wtr.waw.pl\/index.php?rest_route=%2Fwp%2Fv2%2Fmedia&parent=922"}],"curies":[{"name":"wp","href":"https:\/\/api.w.org\/{rel}","templated":true}]}}