{"id":872,"date":"2019-09-16T23:11:43","date_gmt":"2019-09-16T21:11:43","guid":{"rendered":"http:\/\/wtr.waw.pl\/?page_id=872"},"modified":"2019-09-16T23:11:43","modified_gmt":"2019-09-16T21:11:43","slug":"wynik-regat-o-blekitna-wstege-ykp-warszawa","status":"publish","type":"page","link":"http:\/\/wtr.waw.pl\/?page_id=872","title":{"rendered":"Wynik Regat o B\u0142\u0119kitn\u0105 Wst\u0119g\u0119 YKP WARSZAWA"},"content":{"rendered":"\n<figure class=\"wp-block-image\"><img loading=\"lazy\" decoding=\"async\" width=\"1024\" height=\"697\" src=\"http:\/\/wtr.waw.pl\/wp-content\/uploads\/2019\/09\/Screenshot-2019-09-16-at-23.08.19-1024x697.png\" alt=\"\" class=\"wp-image-873\" srcset=\"http:\/\/wtr.waw.pl\/wp-content\/uploads\/2019\/09\/Screenshot-2019-09-16-at-23.08.19-1024x697.png 1024w, http:\/\/wtr.waw.pl\/wp-content\/uploads\/2019\/09\/Screenshot-2019-09-16-at-23.08.19-300x204.png 300w, http:\/\/wtr.waw.pl\/wp-content\/uploads\/2019\/09\/Screenshot-2019-09-16-at-23.08.19-768x522.png 768w, http:\/\/wtr.waw.pl\/wp-content\/uploads\/2019\/09\/Screenshot-2019-09-16-at-23.08.19.png 1870w\" sizes=\"auto, (max-width: 1024px) 100vw, 1024px\" \/><\/figure>\n","protected":false},"excerpt":{"rendered":"","protected":false},"author":1,"featured_media":496,"parent":0,"menu_order":0,"comment_status":"closed","ping_status":"closed","template":"","meta":{"footnotes":""},"class_list":["post-872","page","type-page","status-publish","has-post-thumbnail","hentry"],"_links":{"self":[{"href":"http:\/\/wtr.waw.pl\/index.php?rest_route=\/wp\/v2\/pages\/872","targetHints":{"allow":["GET"]}}],"collection":[{"href":"http:\/\/wtr.waw.pl\/index.php?rest_route=\/wp\/v2\/pages"}],"about":[{"href":"http:\/\/wtr.waw.pl\/index.php?rest_route=\/wp\/v2\/types\/page"}],"author":[{"embeddable":true,"href":"http:\/\/wtr.waw.pl\/index.php?rest_route=\/wp\/v2\/users\/1"}],"replies":[{"embeddable":true,"href":"http:\/\/wtr.waw.pl\/index.php?rest_route=%2Fwp%2Fv2%2Fcomments&post=872"}],"version-history":[{"count":1,"href":"http:\/\/wtr.waw.pl\/index.php?rest_route=\/wp\/v2\/pages\/872\/revisions"}],"predecessor-version":[{"id":874,"href":"http:\/\/wtr.waw.pl\/index.php?rest_route=\/wp\/v2\/pages\/872\/revisions\/874"}],"wp:featuredmedia":[{"embeddable":true,"href":"http:\/\/wtr.waw.pl\/index.php?rest_route=\/wp\/v2\/media\/496"}],"wp:attachment":[{"href":"http:\/\/wtr.waw.pl\/index.php?rest_route=%2Fwp%2Fv2%2Fmedia&parent=872"}],"curies":[{"name":"wp","href":"https:\/\/api.w.org\/{rel}","templated":true}]}}