{"id":1482,"date":"2025-09-25T11:51:20","date_gmt":"2025-09-25T09:51:20","guid":{"rendered":"http:\/\/wtr.waw.pl\/?page_id=1482"},"modified":"2025-09-25T11:52:36","modified_gmt":"2025-09-25T09:52:36","slug":"puchar-szkoly-zeglarstwa-kliwer-2025","status":"publish","type":"page","link":"http:\/\/wtr.waw.pl\/?page_id=1482","title":{"rendered":"PUCHAR SZKO\u0141Y \u017bEGLARSTWA KLIWER 2025"},"content":{"rendered":"\n<p class=\"has-text-align-center has-medium-font-size\"><strong>PUCHAR SZKO\u0141Y \u017bEGLARSTWA KLIWER<\/strong><br><strong>Trening-Regaty<\/strong><\/p>\n\n\n\n<p class=\"has-text-align-center has-medium-font-size\">Zawiadomienie<\/p>\n\n\n\n<p>1. Regaty odb\u0119d\u0105 si\u0119 w dniach 04-05.10.2025 r. na Zalewie Zegrzy\u0144skim.<\/p>\n\n\n\n<p>2. Organizatorem Regat jest Szko\u0142a \u017beglarstwa KLIWER.<\/p>\n\n\n\n<p>3. Miejsce regat \u2013 \u201eGeovita\u201d Jadwisin ul. Ogrodowa 31.<\/p>\n\n\n\n<p>4. Regaty rozegrane b\u0119d\u0105 w klasach: T2 i Tango zgodnie z Przepisami Regatowymi \u017beglarstwa World Sailing 2025-2028, przepisami klasowymi, Instrukcj\u0105 \u017beglugi i niniejszym zawiadomieniem. Inne klasy po wcze\u015bniejszym uzgodnieniu z Organizatorem.<\/p>\n\n\n\n<p>5. Instrukcja \u017beglugi dost\u0119pna b\u0119dzie dla zawodnik\u00f3w w chwili zg\u0142oszenia.<\/p>\n\n\n\n<p>6. Jacht powinien posiada\u0107 ubezpieczenie OC oraz znaki identyfikacyjne na \u017caglu.<\/p>\n\n\n\n<p>7. Przewiduje si\u0119 rozegranie 6 wy\u015bcig\u00f3w .<\/p>\n\n\n\n<p>8. Regaty zaliczane s\u0105 do cyklu \u017beglarskiego Grand Prix Warszawy.<\/p>\n\n\n\n<p>9. Zg\u0142oszenia zawodnik\u00f3w do regat przyjmowane b\u0119d\u0105 na drukach dostarczonych przez organizatora w dniu 04.10.2025r. od godz. 9:30 do godz. 10:00.<\/p>\n\n\n\n<p>10. Wpisowe do regat w wysoko\u015bci 100,00 z\u0142 od jachtu i 30,00z\u0142 od osoby.<\/p>\n\n\n\n<p>11. Otwarcie regat i odprawa sternik\u00f3w w dniu 04.10.2025 r. o godz. 10:30, start do pierwszego wy\u015bcigu przewidziany jest na godz. 11:30. Zako\u0144czenie imprezy planowane jest 05.10.2025 r. ok godz. 15:00 .<\/p>\n\n\n\n<p>12. Wszyscy uczestnicy bior\u0105 udzia\u0142 w regatach na w\u0142asn\u0105 odpowiedzialno\u015b\u0107.<br>\u017badna z czynno\u015bci wykonana lub niewykonana przez organizatora nie zwalnia uczestnik\u00f3w regat od ponoszenia odpowiedzialno\u015bci za spowodowan\u0105 szkod\u0119 wynikaj\u0105c z udzia\u0142u w regatach.<\/p>\n\n\n\n<p><em>ORGANIZATOR<\/em><\/p>\n\n\n\n<p>Szko\u0142a \u017beglarstwa KLIWER<\/p>\n","protected":false},"excerpt":{"rendered":"<p>PUCHAR SZKO\u0141Y \u017bEGLARSTWA KLIWERTrening-Regaty Zawiadomienie 1. Regaty odb\u0119d\u0105 si\u0119 w dniach 04-05.10.2025 r. na Zalewie Zegrzy\u0144skim. 2. Organizatorem Regat jest Szko\u0142a \u017beglarstwa KLIWER. 3. Miejsce regat \u2013 \u201eGeovita\u201d Jadwisin ul. Ogrodowa 31. 4. Regaty rozegrane b\u0119d\u0105 w klasach: T2 i Tango zgodnie z Przepisami Regatowymi \u017beglarstwa World Sailing 2025-2028, przepisami klasowymi, Instrukcj\u0105 \u017beglugi i niniejszym&#8230;<\/p>\n","protected":false},"author":1,"featured_media":568,"parent":0,"menu_order":0,"comment_status":"closed","ping_status":"closed","template":"","meta":{"footnotes":""},"class_list":["post-1482","page","type-page","status-publish","has-post-thumbnail","hentry"],"_links":{"self":[{"href":"http:\/\/wtr.waw.pl\/index.php?rest_route=\/wp\/v2\/pages\/1482","targetHints":{"allow":["GET"]}}],"collection":[{"href":"http:\/\/wtr.waw.pl\/index.php?rest_route=\/wp\/v2\/pages"}],"about":[{"href":"http:\/\/wtr.waw.pl\/index.php?rest_route=\/wp\/v2\/types\/page"}],"author":[{"embeddable":true,"href":"http:\/\/wtr.waw.pl\/index.php?rest_route=\/wp\/v2\/users\/1"}],"replies":[{"embeddable":true,"href":"http:\/\/wtr.waw.pl\/index.php?rest_route=%2Fwp%2Fv2%2Fcomments&post=1482"}],"version-history":[{"count":2,"href":"http:\/\/wtr.waw.pl\/index.php?rest_route=\/wp\/v2\/pages\/1482\/revisions"}],"predecessor-version":[{"id":1485,"href":"http:\/\/wtr.waw.pl\/index.php?rest_route=\/wp\/v2\/pages\/1482\/revisions\/1485"}],"wp:featuredmedia":[{"embeddable":true,"href":"http:\/\/wtr.waw.pl\/index.php?rest_route=\/wp\/v2\/media\/568"}],"wp:attachment":[{"href":"http:\/\/wtr.waw.pl\/index.php?rest_route=%2Fwp%2Fv2%2Fmedia&parent=1482"}],"curies":[{"name":"wp","href":"https:\/\/api.w.org\/{rel}","templated":true}]}}