{"id":1171,"date":"2022-09-01T16:39:31","date_gmt":"2022-09-01T14:39:31","guid":{"rendered":"http:\/\/wtr.waw.pl\/?page_id=1171"},"modified":"2022-09-01T16:48:40","modified_gmt":"2022-09-01T14:48:40","slug":"regaty-o-blekitna-wstege-ykp-warszawa-2022","status":"publish","type":"page","link":"http:\/\/wtr.waw.pl\/?page_id=1171","title":{"rendered":"Regaty o B\u0142\u0119kitn\u0105 Wst\u0119g\u0119 YKP WARSZAWA 2022"},"content":{"rendered":"\n<p class=\"has-text-align-center\"><strong>Regaty o B\u0142\u0119kitn\u0105 Wst\u0119g\u0119 YKP WARSZAWA<\/strong><\/p>\n\n\n\n<p class=\"has-text-align-center\"><strong>Jadwisin 10 &#8211; 11 wrze\u015bnia 2022r.<\/strong><\/p>\n\n\n\n<p class=\"has-text-align-center\">Zawiadomienie o regatach<\/p>\n\n\n\n<p class=\"has-text-align-center\"><br>1. Regaty odb\u0119d\u0105 si\u0119 10 &#8211; 11 wrze\u015bnia 2022r. na Zalewie Zegrzy\u0144skim.<\/p>\n\n\n\n<p class=\"has-text-align-center\"><br>2. Organizatorem Regat jest YACHT KLUB POLSKI WARSZAWA<\/p>\n\n\n\n<p class=\"has-text-align-center\"><br>3. Miejsce regat \u2013 O\u015brodek YKP WARSZAWA,&nbsp; Jadwisin<\/p>\n\n\n\n<p class=\"has-text-align-center\"><br>4. Regaty rozegrane b\u0119d\u0105 w klasach: Omega, T, T2, Tango, Sigma i Turystycznej-Amatorskiej zgodnie z Przepisami Regatowymi \u017beglarstwaWorld Sailing2021-2024, przepisami klasowymi, Instrukcj\u0105 \u017beglugi i niniejszym zawiadomieniem.<\/p>\n\n\n\n<p class=\"has-text-align-center\">Klasy niewyszczeg\u00f3lnione w zawiadomieniu mog\u0105 startowa\u0107 po wcze\u015bniejszym zg\u0142oszeniu si\u0119 do Organizatora.<\/p>\n\n\n\n<p class=\"has-text-align-center\"><br>5. Instrukcja \u017beglugi dost\u0119pna b\u0119dzie dla zawodnik\u00f3w w chwili zg\u0142oszenia do zawod\u00f3w.<\/p>\n\n\n\n<p class=\"has-text-align-center\">6. Jacht powinien posiada\u0107 ubezpieczenie OC oraz znaki identyfikacyjne na \u017caglu.<\/p>\n\n\n\n<p class=\"has-text-align-center\"><br>7. Przewiduje si\u0119 rozegranie <strong>5<\/strong> wy\u015bcig\u00f3w w tym jeden wy\u015bcig d\u0142ugodystansowy<br>\u201eO b\u0142\u0119kitn\u0105 wst\u0119g\u0119 YKP WARSZAWA\u201d.<\/p>\n\n\n\n<p class=\"has-text-align-center\">8. Regaty zaliczane s\u0105 do cyklu \u017beglarskiego Grand Prix Warszawy.<\/p>\n\n\n\n<p class=\"has-text-align-center\"><br>10. Zg\u0142oszenia zawodnik\u00f3w do regat przyjmowane b\u0119d\u0105 na drukach dostarczonych przez organizatora w dniu 10.09.2022 r. od godz. 9:00 do godz. 10:30.<\/p>\n\n\n\n<p class=\"has-text-align-center\"><br>11. Wpisowe do regat w wysoko\u015bci 50,00 z\u0142 od jachtu oraz 20,00 z\u0142. od osoby.<\/p>\n\n\n\n<p class=\"has-text-align-center\"><br>12. Otwarcie regat i odprawa sternik\u00f3w w dniu 10.09.2022r. o godz. 10:45, start do pierwszego wy\u015bcigu przewidziany jest na godz. 11:30. Harmonogram wy\u015bcig\u00f3w podany zostanie podczas odprawy sternik\u00f3w. Zako\u0144czenie imprezy planowane jest 11.09.2022r. oko\u0142o godz. 15:00\u2013 16:00&nbsp; (w zale\u017cno\u015bci od ilo\u015bci przeprowadzonych wy\u015bcig\u00f3w).<\/p>\n\n\n\n<p class=\"has-text-align-center\">13. Wszyscy uczestnicy bior\u0105 udzia\u0142 w regatach na w\u0142asn\u0105 odpowiedzialno\u015b\u0107.<\/p>\n\n\n\n<p class=\"has-text-align-center\">\u017badna z czynno\u015bci wykonana lub nie wykonana przez organizatora nie zwalnia uczestnik\u00f3w regat od ponoszenia odpowiedzialno\u015bci za spowodowan\u0105 szkod\u0119 wynikaj\u0105c z udzia\u0142u w regatach.<\/p>\n\n\n\n<p class=\"has-text-align-right\"><strong><em>\u00a0\u00a0 S\u0119dzia G\u0142\u00f3wny<\/em><\/strong><\/p>\n\n\n\n<p><\/p>\n\n\n\n<h1 class=\"has-text-align-center wp-block-heading\">Instrukcja \u017beglugi<\/h1>\n\n\n\n<p class=\"has-text-align-center\">&nbsp; PRZEPISY<\/p>\n\n\n\n<p class=\"has-text-align-center\">Regaty rozegrane b\u0119d\u0105 zgodnie z Przepisami Regatowymi \u017beglarstwa World Sailing 2021-2024, Przepisami Klasowymi i Pomiarowymi jacht\u00f3w startuj\u0105cych, Zawiadomieniem o regatach oraz niniejsz\u0105 Instrukcj\u0105 \u017beglugi.<\/p>\n\n\n\n<p class=\"has-text-align-center\">&nbsp; KLASY<\/p>\n\n\n\n<p class=\"has-text-align-center\">Regaty zostan\u0105 rozegrane w Klasach T, T2, Tango, Omega, Sigma oraz klas\u0105 Turystyczn\u0105-Amatorsk\u0105. Warunkiem jest start minimum 3 jacht\u00f3w w klasie.<\/p>\n\n\n\n<p class=\"has-text-align-center\">&nbsp; ZG\u0141OSZENIA<\/p>\n\n\n\n<p class=\"has-text-align-center\">W dniu 10.09.2022r. w godzinach&nbsp; 9:30 \u2013 10:30 w biurze regat.<\/p>\n\n\n\n<p class=\"has-text-align-center\">&nbsp; KOMUNIKATY<\/p>\n\n\n\n<p class=\"has-text-align-center\">Komunikaty dla zawodnik\u00f3w wywieszane b\u0119d\u0105 na tablicy og\u0142osze\u0144 Komisji Regatowej.<\/p>\n\n\n\n<p class=\"has-text-align-center\">&nbsp; ZMIANY W INSTRUKCJ \u017bEGLUGI<\/p>\n\n\n\n<p class=\"has-text-align-center\">Zmiany w Instrukcji \u017ceglugi zostan\u0105 wywieszone na tablicy og\u0142osze\u0144 KR najp\u00f3\u017aniej na 30 min. przed startem do I wy\u015bcigu lub bezpo\u015brednio z miejsca pracy KR (nabrze\u017ce YKP) najp\u00f3\u017aniej przed sygna\u0142em ostrze\u017cenia do wy\u015bcigu, kt\u00f3rego dotycz\u0105 (celem zwr\u00f3cenia uwagi stawiana b\u0119dzie flaga\u201dL\u201d).<\/p>\n\n\n\n<p class=\"has-text-align-center\">&nbsp; PROGRAM REGAT<\/p>\n\n\n\n<p class=\"has-text-align-center\">Planowane jest przeprowadzenie <strong>5<\/strong> wy\u015bcig\u00f3w, w tym 1 wy\u015bcig d\u0142ugodystansowy&nbsp; \u201e O b\u0142\u0119kitn\u0105 wst\u0119g\u0119 YKP WARSZAWA\u201d.&nbsp; Start do pierwszego wy\u015bcigu planowany jest ok. godz. 11.30&nbsp;<\/p>\n\n\n\n<p class=\"has-text-align-center\">&nbsp; TRASA<\/p>\n\n\n\n<p class=\"has-text-align-center\">Opis tras, startu i mety zostanie podany na odprawie sternik\u00f3w a szkic trasy umieszczony na tablicy og\u0142osze\u0144 KR.<\/p>\n\n\n\n<p class=\"has-text-align-center\">&nbsp; ZNAKI KURSOWE<\/p>\n\n\n\n<p class=\"has-text-align-center\">Znaki kursowe stanowi\u0107 b\u0119d\u0105 boje w kszta\u0142cie walca w kolorze pomara\u0144czowym.<\/p>\n\n\n\n<p class=\"has-text-align-center\">Lini\u0119 Start\/Meta ogranicza\u0107 b\u0119d\u0105 dwie boje ustawione mi\u0119dzy masztem KR (na brzegu) i boj\u0105 ograniczaj\u0105c\u0105 zewn\u0119trzn\u0105.<\/p>\n\n\n\n<p class=\"has-text-align-center\">&nbsp; SYGNA\u0141Y<\/p>\n\n\n\n<p class=\"has-text-align-center\">Podzia\u0142 na grupy startowe, kolejno\u015b\u0107 start\u00f3w oraz flagi sygna\u0142\u00f3w ostrze\u017cenia podane zostan\u0105 na odprawie sternik\u00f3w oraz umieszczone na tablicy og\u0142osze\u0144 KR.<\/p>\n\n\n\n<p class=\"has-text-align-center\">&nbsp; START<\/p>\n\n\n\n<p class=\"has-text-align-center\">Starty do wy\u015bcig\u00f3w odbywa\u0107 si\u0119 b\u0119d\u0105 w systemie 5 minutowym (zgodnie z przepisem 26). Jachty dla kt\u00f3rych sygna\u0142 ostrze\u017cenia nie jest podniesiony maj\u0105 obowi\u0105zek opu\u015bci\u0107 pole startowe oraz nie przeszkadza\u0107 jachtom przygotowuj\u0105cym si\u0119 do startu.<\/p>\n\n\n\n<p class=\"has-text-align-center\">Wy\u015bcig d\u0142ugodystansowy odb\u0119dzie si\u0119 ze wsp\u00f3lnego startu.<\/p>\n\n\n\n<p class=\"has-text-align-center\">&nbsp;META<\/p>\n\n\n\n<p class=\"has-text-align-center\">Jachty, kt\u00f3re uko\u0144cz\u0105 maj\u0105 obowi\u0105zek opu\u015bci\u0107 stref\u0119 linii mety i nie przeszkadza\u0107 jachtom b\u0119d\u0105cym w wy\u015bcigu. Jacht, kt\u00f3ry wi\u0119cej ni\u017c jeden raz przekroczy lini\u0119 mety zaliczone b\u0119dzie mia\u0142 miejsce zgodne z ostatnim przej\u015bciem mety.<\/p>\n\n\n\n<p class=\"has-text-align-center\">&nbsp;OGRANICZENIE CZASU<\/p>\n\n\n\n<p class=\"has-text-align-center\">Zamkni\u0119cie linii mety nast\u0105pi po up\u0142ywie 20 minut od chwili uko\u0144czenia wy\u015bcigu przez pierwszy jacht z danej klasy.<\/p>\n\n\n\n<p class=\"has-text-align-center\">W wy\u015bcigu d\u0142ugodystansowym limit czasu mo\u017ce zosta\u0107 wyd\u0142u\u017cony.<\/p>\n\n\n\n<p class=\"has-text-align-center\">&nbsp;PROTESTY<\/p>\n\n\n\n<p class=\"has-text-align-center\">Czas sk\u0142adania protest\u00f3w zostaje zamkni\u0119ty po up\u0142ywie 30 minut od zamkni\u0119cia linii mety w ostatnim wy\u015bcigu&nbsp; w dniu regat.&nbsp; Zestawienie protest\u00f3w podane b\u0119dzie na tablicy og\u0142osze\u0144 KR bezpo\u015brednio po zako\u0144czeniu czasu sk\u0142adania protest\u00f3w. Ka\u017cdy zawodnik ma obowi\u0105zek sprawdzenia czy nie jest stron\u0105 lub \u015bwiadkiem<\/p>\n\n\n\n<p class=\"has-text-align-center\">wpost\u0119powaniu protestowym.<\/p>\n\n\n\n<p class=\"has-text-align-center\">&nbsp;PUNKTACJA<\/p>\n\n\n\n<p class=\"has-text-align-center\">Regaty zostan\u0105 uznane za wa\u017cne przy rozegraniu jednego wy\u015bcigu. Przy rozegraniu 4 wy\u015bcig\u00f3w wynik najgorszy b\u0119dzie odrzucony.<\/p>\n\n\n\n<p class=\"has-text-align-center\">&nbsp;UCZESTNICTWO W WY\u015aCIGU<\/p>\n\n\n\n<p class=\"has-text-align-center\">Jacht, kt\u00f3ry wycofa si\u0119 z wy\u015bcigu lub nie b\u0119dzie startowa\u0142 w wy\u015bcigach kolejnych powinien powiadomi\u0107 o tym Komisj\u0119 Regatow\u0105.<\/p>\n\n\n\n<p class=\"has-text-align-center\">ODPOWIEDZIALNO\u015a\u0106<\/p>\n\n\n\n<p class=\"has-text-align-center\">Wszyscy uczestnicy bior\u0105 udzia\u0142 w regatach na w\u0142asn\u0105 odpowiedzialno\u015b\u0107. \u017badna z czynno\u015bci wykonana lub nie wykonana przez organizatora nie zwalnia uczestnik\u00f3w regat od ponoszenia odpowiedzialno\u015bci za szkody spowodowane przez jacht lub zawodnika wynikaj\u0105ce z udzia\u0142u w regatach.<\/p>\n\n\n\n<p><\/p>\n\n\n\n<p class=\"has-text-align-right\"><strong><em>S\u0119dzia G\u0142\u00f3wny<\/em><\/strong><\/p>\n","protected":false},"excerpt":{"rendered":"<p>Regaty o B\u0142\u0119kitn\u0105 Wst\u0119g\u0119 YKP WARSZAWA Jadwisin 10 &#8211; 11 wrze\u015bnia 2022r. Zawiadomienie o regatach 1. Regaty odb\u0119d\u0105 si\u0119 10 &#8211; 11 wrze\u015bnia 2022r. na Zalewie Zegrzy\u0144skim. 2. Organizatorem Regat jest YACHT KLUB POLSKI WARSZAWA 3. Miejsce regat \u2013 O\u015brodek YKP WARSZAWA,&nbsp; Jadwisin 4. Regaty rozegrane b\u0119d\u0105 w klasach: Omega, T, T2, Tango, Sigma i&#8230;<\/p>\n","protected":false},"author":1,"featured_media":476,"parent":0,"menu_order":0,"comment_status":"closed","ping_status":"closed","template":"","meta":{"footnotes":""},"class_list":["post-1171","page","type-page","status-publish","has-post-thumbnail","hentry"],"_links":{"self":[{"href":"http:\/\/wtr.waw.pl\/index.php?rest_route=\/wp\/v2\/pages\/1171","targetHints":{"allow":["GET"]}}],"collection":[{"href":"http:\/\/wtr.waw.pl\/index.php?rest_route=\/wp\/v2\/pages"}],"about":[{"href":"http:\/\/wtr.waw.pl\/index.php?rest_route=\/wp\/v2\/types\/page"}],"author":[{"embeddable":true,"href":"http:\/\/wtr.waw.pl\/index.php?rest_route=\/wp\/v2\/users\/1"}],"replies":[{"embeddable":true,"href":"http:\/\/wtr.waw.pl\/index.php?rest_route=%2Fwp%2Fv2%2Fcomments&post=1171"}],"version-history":[{"count":5,"href":"http:\/\/wtr.waw.pl\/index.php?rest_route=\/wp\/v2\/pages\/1171\/revisions"}],"predecessor-version":[{"id":1180,"href":"http:\/\/wtr.waw.pl\/index.php?rest_route=\/wp\/v2\/pages\/1171\/revisions\/1180"}],"wp:featuredmedia":[{"embeddable":true,"href":"http:\/\/wtr.waw.pl\/index.php?rest_route=\/wp\/v2\/media\/476"}],"wp:attachment":[{"href":"http:\/\/wtr.waw.pl\/index.php?rest_route=%2Fwp%2Fv2%2Fmedia&parent=1171"}],"curies":[{"name":"wp","href":"https:\/\/api.w.org\/{rel}","templated":true}]}}