{"id":1047,"date":"2021-02-22T09:13:25","date_gmt":"2021-02-22T08:13:25","guid":{"rendered":"http:\/\/wtr.waw.pl\/?page_id=1047"},"modified":"2021-02-22T09:16:49","modified_gmt":"2021-02-22T08:16:49","slug":"zawiadomienie","status":"publish","type":"page","link":"http:\/\/wtr.waw.pl\/?page_id=1047","title":{"rendered":"ZAWIADOMIENIE"},"content":{"rendered":"\n<p>Z przykro\u015bci\u0105 zawiadamiamy, \u017ce w \u015brod\u0119 zmar\u0142a nasza kole\u017canka Ewa Kalinowska. Pogrzeb odb\u0119dzie si\u0119 na Br\u00f3dnie w ko\u015bciele murowanym 3 marca o godzinie 11.10<\/p>\n","protected":false},"excerpt":{"rendered":"<p>Z przykro\u015bci\u0105 zawiadamiamy, \u017ce w \u015brod\u0119 zmar\u0142a nasza kole\u017canka Ewa Kalinowska. Pogrzeb odb\u0119dzie si\u0119 na Br\u00f3dnie w ko\u015bciele murowanym 3 marca o godzinie 11.10<\/p>\n","protected":false},"author":1,"featured_media":0,"parent":0,"menu_order":0,"comment_status":"closed","ping_status":"closed","template":"","meta":{"footnotes":""},"class_list":["post-1047","page","type-page","status-publish","hentry"],"_links":{"self":[{"href":"http:\/\/wtr.waw.pl\/index.php?rest_route=\/wp\/v2\/pages\/1047","targetHints":{"allow":["GET"]}}],"collection":[{"href":"http:\/\/wtr.waw.pl\/index.php?rest_route=\/wp\/v2\/pages"}],"about":[{"href":"http:\/\/wtr.waw.pl\/index.php?rest_route=\/wp\/v2\/types\/page"}],"author":[{"embeddable":true,"href":"http:\/\/wtr.waw.pl\/index.php?rest_route=\/wp\/v2\/users\/1"}],"replies":[{"embeddable":true,"href":"http:\/\/wtr.waw.pl\/index.php?rest_route=%2Fwp%2Fv2%2Fcomments&post=1047"}],"version-history":[{"count":1,"href":"http:\/\/wtr.waw.pl\/index.php?rest_route=\/wp\/v2\/pages\/1047\/revisions"}],"predecessor-version":[{"id":1048,"href":"http:\/\/wtr.waw.pl\/index.php?rest_route=\/wp\/v2\/pages\/1047\/revisions\/1048"}],"wp:attachment":[{"href":"http:\/\/wtr.waw.pl\/index.php?rest_route=%2Fwp%2Fv2%2Fmedia&parent=1047"}],"curies":[{"name":"wp","href":"https:\/\/api.w.org\/{rel}","templated":true}]}}

<p>Z przykrością zawiadamiamy, że w środę zmarła nasza koleżanka Ewa Kalinowska. Pogrzeb odbędzie się na Bródnie w kościele murowanym 3 marca o godzinie 11.10</p>
